{"id":1829,"date":"2024-09-11T21:39:39","date_gmt":"2024-09-11T20:39:39","guid":{"rendered":"https:\/\/retroplay.info\/?page_id=1829"},"modified":"2024-09-25T00:00:43","modified_gmt":"2024-09-24T23:00:43","slug":"contenido-retroplay-2024","status":"publish","type":"page","link":"https:\/\/retroplay.info\/index.php\/contenido-retroplay-2024\/","title":{"rendered":"Retroplay 2024"},"content":{"rendered":"\n<div class=\"wp-block-uagb-advanced-heading uagb-block-6415c21b\"><h2 class=\"uagb-heading-text\">Retroplay II, segundas partes S\u00cd son buenas.<\/h2><\/div>\n\n\n\n<p>Retroplay es un evento de ocio familiar con tem\u00e1tica de videojuegos y actividades gratuitas para todas las edades organizado por la asociaci\u00f3n Retroplay, asociaci\u00f3n sin \u00e1nimo de lucro.<\/p>\n\n\n\n<figure class=\"wp-block-embed is-type-video is-provider-youtube wp-block-embed-youtube wp-embed-aspect-16-9 wp-has-aspect-ratio\"><div class=\"wp-block-embed__wrapper\">\n<iframe loading=\"lazy\" title=\"RETROPLAY II - 5 y 6 de octubre 2024 - Centro Comercial Las Am\u00e9ricas, Torrent Valencia\" width=\"750\" height=\"422\" src=\"https:\/\/www.youtube.com\/embed\/Kvi3HO8iTH8?feature=oembed\" frameborder=\"0\" allow=\"accelerometer; autoplay; clipboard-write; encrypted-media; gyroscope; picture-in-picture; web-share\" referrerpolicy=\"strict-origin-when-cross-origin\" allowfullscreen><\/iframe>\n<\/div><\/figure>\n\n\n\n<hr class=\"wp-block-separator has-alpha-channel-opacity\"\/>\n\n\n\n<p>La entrada es gratuita y la segunda edici\u00f3n de retroplay se celebrar\u00e1 los d\u00edas 5 y 6 de octubre de 2024 en el Centro Comercial Las Am\u00e9ricas, Torrent, Valencia.<\/p>\n\n\n\n<figure class=\"wp-block-image size-large is-style-default\"><img data-recalc-dims=\"1\" loading=\"lazy\" decoding=\"async\" width=\"750\" height=\"422\" src=\"https:\/\/i0.wp.com\/retroplay.info\/wp-content\/uploads\/2024\/09\/20231028_115323-edited-2-rotated.jpg?resize=750%2C422&#038;ssl=1\" alt=\"\" class=\"wp-image-1832\" srcset=\"https:\/\/i0.wp.com\/retroplay.info\/wp-content\/uploads\/2024\/09\/20231028_115323-edited-2-rotated.jpg?w=2205&amp;ssl=1 2205w, https:\/\/i0.wp.com\/retroplay.info\/wp-content\/uploads\/2024\/09\/20231028_115323-edited-2-rotated.jpg?resize=300%2C169&amp;ssl=1 300w, https:\/\/i0.wp.com\/retroplay.info\/wp-content\/uploads\/2024\/09\/20231028_115323-edited-2-rotated.jpg?resize=1024%2C576&amp;ssl=1 1024w, https:\/\/i0.wp.com\/retroplay.info\/wp-content\/uploads\/2024\/09\/20231028_115323-edited-2-rotated.jpg?resize=768%2C432&amp;ssl=1 768w, https:\/\/i0.wp.com\/retroplay.info\/wp-content\/uploads\/2024\/09\/20231028_115323-edited-2-rotated.jpg?resize=1536%2C864&amp;ssl=1 1536w, https:\/\/i0.wp.com\/retroplay.info\/wp-content\/uploads\/2024\/09\/20231028_115323-edited-2-rotated.jpg?resize=2048%2C1152&amp;ssl=1 2048w\" sizes=\"auto, (max-width: 750px) 100vw, 750px\" \/><\/figure>\n\n\n\n<hr class=\"wp-block-separator has-alpha-channel-opacity\"\/>\n\n\n\n<p>El evento consta de m\u00e1s de 2000 metros cuadrados distribuidos en las 2 plantas del centro comercial, con 3 escenarios con luces y sonido para el desarrollo de diferentes actividades.<\/p>\n\n\n\n<figure class=\"wp-block-image size-large\"><img data-recalc-dims=\"1\" loading=\"lazy\" decoding=\"async\" width=\"750\" height=\"422\" src=\"https:\/\/i0.wp.com\/retroplay.info\/wp-content\/uploads\/2024\/09\/1000026575-1.jpg?resize=750%2C422&#038;ssl=1\" alt=\"\" class=\"wp-image-1718\" srcset=\"https:\/\/i0.wp.com\/retroplay.info\/wp-content\/uploads\/2024\/09\/1000026575-1-scaled.jpg?resize=1024%2C576&amp;ssl=1 1024w, https:\/\/i0.wp.com\/retroplay.info\/wp-content\/uploads\/2024\/09\/1000026575-1-scaled.jpg?resize=300%2C169&amp;ssl=1 300w, https:\/\/i0.wp.com\/retroplay.info\/wp-content\/uploads\/2024\/09\/1000026575-1-scaled.jpg?resize=768%2C432&amp;ssl=1 768w, https:\/\/i0.wp.com\/retroplay.info\/wp-content\/uploads\/2024\/09\/1000026575-1-scaled.jpg?resize=1536%2C865&amp;ssl=1 1536w, https:\/\/i0.wp.com\/retroplay.info\/wp-content\/uploads\/2024\/09\/1000026575-1-scaled.jpg?resize=2048%2C1153&amp;ssl=1 2048w, https:\/\/i0.wp.com\/retroplay.info\/wp-content\/uploads\/2024\/09\/1000026575-1-scaled.jpg?w=2250&amp;ssl=1 2250w\" sizes=\"auto, (max-width: 750px) 100vw, 750px\" \/><\/figure>\n\n\n\n<hr class=\"wp-block-separator has-alpha-channel-opacity\"\/>\n\n\n\n<p>Las actividades que se desarrollar\u00e1n en el evento en esta edici\u00f3n son:<\/p>\n\n\n\n<p><strong>INVITADOS<\/strong><\/p>\n\n\n\n<ul class=\"wp-block-list\">\n<li>Nerea alfonso: Actriz de doblaje de videojuegos, voz de zelda en la saga para Nintendo Switch entre otros.<br><img data-recalc-dims=\"1\" loading=\"lazy\" decoding=\"async\" width=\"750\" height=\"553\" class=\"wp-image-1833\" style=\"width: 800px;\" src=\"https:\/\/i0.wp.com\/retroplay.info\/wp-content\/uploads\/2024\/09\/IMG-20201109-WA0017.jpg?resize=750%2C553&#038;ssl=1\" alt=\"\" srcset=\"https:\/\/i0.wp.com\/retroplay.info\/wp-content\/uploads\/2024\/09\/IMG-20201109-WA0017.jpg?w=1080&amp;ssl=1 1080w, https:\/\/i0.wp.com\/retroplay.info\/wp-content\/uploads\/2024\/09\/IMG-20201109-WA0017.jpg?resize=300%2C221&amp;ssl=1 300w, https:\/\/i0.wp.com\/retroplay.info\/wp-content\/uploads\/2024\/09\/IMG-20201109-WA0017.jpg?resize=1024%2C755&amp;ssl=1 1024w, https:\/\/i0.wp.com\/retroplay.info\/wp-content\/uploads\/2024\/09\/IMG-20201109-WA0017.jpg?resize=768%2C566&amp;ssl=1 768w\" sizes=\"auto, (max-width: 750px) 100vw, 750px\" \/><\/li>\n\n\n\n<li>Podcast en directo de Retroentreamigos, miembros de la asociaci\u00f3n A.L.T.A.I.R. y organizadores del evento Retropixel M\u00e1laga en la facultad de derecho de M\u00e1laga.<br><img data-recalc-dims=\"1\" loading=\"lazy\" decoding=\"async\" width=\"750\" height=\"422\" class=\"wp-image-1355\" style=\"width: 800px;\" src=\"https:\/\/i0.wp.com\/retroplay.info\/wp-content\/uploads\/2024\/09\/maxresdefault.jpg?resize=750%2C422&#038;ssl=1\" alt=\"\" srcset=\"https:\/\/i0.wp.com\/retroplay.info\/wp-content\/uploads\/2024\/09\/maxresdefault.jpg?w=1280&amp;ssl=1 1280w, https:\/\/i0.wp.com\/retroplay.info\/wp-content\/uploads\/2024\/09\/maxresdefault.jpg?resize=300%2C169&amp;ssl=1 300w, https:\/\/i0.wp.com\/retroplay.info\/wp-content\/uploads\/2024\/09\/maxresdefault.jpg?resize=1024%2C576&amp;ssl=1 1024w, https:\/\/i0.wp.com\/retroplay.info\/wp-content\/uploads\/2024\/09\/maxresdefault.jpg?resize=768%2C432&amp;ssl=1 768w\" sizes=\"auto, (max-width: 750px) 100vw, 750px\" \/><\/li>\n<\/ul>\n\n\n\n<p><strong>ZONA DE VIDEOJUEGOS GRATUITOS PARA LOS VISITANTES<\/strong><\/p>\n\n\n\n<ul class=\"wp-block-list\">\n<li>M\u00e1quinas arcade y pinballs de los a\u00f1os 80 y 90<br><img data-recalc-dims=\"1\" loading=\"lazy\" decoding=\"async\" width=\"750\" height=\"500\" class=\"wp-image-1778\" style=\"width: 800px;\" src=\"https:\/\/i0.wp.com\/retroplay.info\/wp-content\/uploads\/2024\/09\/DSC_0013334-1-scaled.jpg?resize=750%2C500&#038;ssl=1\" alt=\"\" srcset=\"https:\/\/i0.wp.com\/retroplay.info\/wp-content\/uploads\/2024\/09\/DSC_0013334-1-scaled.jpg?w=2560&amp;ssl=1 2560w, https:\/\/i0.wp.com\/retroplay.info\/wp-content\/uploads\/2024\/09\/DSC_0013334-1-scaled.jpg?resize=300%2C200&amp;ssl=1 300w, https:\/\/i0.wp.com\/retroplay.info\/wp-content\/uploads\/2024\/09\/DSC_0013334-1-scaled.jpg?resize=1024%2C683&amp;ssl=1 1024w, https:\/\/i0.wp.com\/retroplay.info\/wp-content\/uploads\/2024\/09\/DSC_0013334-1-scaled.jpg?resize=768%2C512&amp;ssl=1 768w, https:\/\/i0.wp.com\/retroplay.info\/wp-content\/uploads\/2024\/09\/DSC_0013334-1-scaled.jpg?resize=1536%2C1024&amp;ssl=1 1536w, https:\/\/i0.wp.com\/retroplay.info\/wp-content\/uploads\/2024\/09\/DSC_0013334-1-scaled.jpg?resize=2048%2C1365&amp;ssl=1 2048w, https:\/\/i0.wp.com\/retroplay.info\/wp-content\/uploads\/2024\/09\/DSC_0013334-1-scaled.jpg?resize=360%2C240&amp;ssl=1 360w, https:\/\/i0.wp.com\/retroplay.info\/wp-content\/uploads\/2024\/09\/DSC_0013334-1-scaled.jpg?w=2250&amp;ssl=1 2250w\" sizes=\"auto, (max-width: 750px) 100vw, 750px\" \/><\/li>\n\n\n\n<li>Videoconsolas con m\u00faltiples juegos<br><img data-recalc-dims=\"1\" loading=\"lazy\" decoding=\"async\" width=\"750\" height=\"500\" class=\"wp-image-1795\" style=\"width: 800px;\" src=\"https:\/\/i0.wp.com\/retroplay.info\/wp-content\/uploads\/2024\/09\/DSC_00518714-1-scaled.jpg?resize=750%2C500&#038;ssl=1\" alt=\"\" srcset=\"https:\/\/i0.wp.com\/retroplay.info\/wp-content\/uploads\/2024\/09\/DSC_00518714-1-scaled.jpg?w=2560&amp;ssl=1 2560w, https:\/\/i0.wp.com\/retroplay.info\/wp-content\/uploads\/2024\/09\/DSC_00518714-1-scaled.jpg?resize=300%2C200&amp;ssl=1 300w, https:\/\/i0.wp.com\/retroplay.info\/wp-content\/uploads\/2024\/09\/DSC_00518714-1-scaled.jpg?resize=1024%2C683&amp;ssl=1 1024w, https:\/\/i0.wp.com\/retroplay.info\/wp-content\/uploads\/2024\/09\/DSC_00518714-1-scaled.jpg?resize=768%2C512&amp;ssl=1 768w, https:\/\/i0.wp.com\/retroplay.info\/wp-content\/uploads\/2024\/09\/DSC_00518714-1-scaled.jpg?resize=1536%2C1024&amp;ssl=1 1536w, https:\/\/i0.wp.com\/retroplay.info\/wp-content\/uploads\/2024\/09\/DSC_00518714-1-scaled.jpg?resize=2048%2C1365&amp;ssl=1 2048w, https:\/\/i0.wp.com\/retroplay.info\/wp-content\/uploads\/2024\/09\/DSC_00518714-1-scaled.jpg?resize=360%2C240&amp;ssl=1 360w, https:\/\/i0.wp.com\/retroplay.info\/wp-content\/uploads\/2024\/09\/DSC_00518714-1-scaled.jpg?w=2250&amp;ssl=1 2250w\" sizes=\"auto, (max-width: 750px) 100vw, 750px\" \/><\/li>\n\n\n\n<li>Ordenadores amstrad por la asociaci\u00f3n de usuarios de Amstrad<br><img data-recalc-dims=\"1\" loading=\"lazy\" decoding=\"async\" width=\"750\" height=\"500\" class=\"wp-image-1668\" style=\"width: 800px;\" src=\"https:\/\/i0.wp.com\/retroplay.info\/wp-content\/uploads\/2024\/09\/DSC_0014213-scaled.jpg?resize=750%2C500&#038;ssl=1\" alt=\"\" srcset=\"https:\/\/i0.wp.com\/retroplay.info\/wp-content\/uploads\/2024\/09\/DSC_0014213-scaled.jpg?w=2560&amp;ssl=1 2560w, https:\/\/i0.wp.com\/retroplay.info\/wp-content\/uploads\/2024\/09\/DSC_0014213-scaled.jpg?resize=300%2C200&amp;ssl=1 300w, https:\/\/i0.wp.com\/retroplay.info\/wp-content\/uploads\/2024\/09\/DSC_0014213-scaled.jpg?resize=1024%2C683&amp;ssl=1 1024w, https:\/\/i0.wp.com\/retroplay.info\/wp-content\/uploads\/2024\/09\/DSC_0014213-scaled.jpg?resize=768%2C512&amp;ssl=1 768w, https:\/\/i0.wp.com\/retroplay.info\/wp-content\/uploads\/2024\/09\/DSC_0014213-scaled.jpg?resize=1536%2C1024&amp;ssl=1 1536w, https:\/\/i0.wp.com\/retroplay.info\/wp-content\/uploads\/2024\/09\/DSC_0014213-scaled.jpg?resize=2048%2C1365&amp;ssl=1 2048w, https:\/\/i0.wp.com\/retroplay.info\/wp-content\/uploads\/2024\/09\/DSC_0014213-scaled.jpg?resize=360%2C240&amp;ssl=1 360w, https:\/\/i0.wp.com\/retroplay.info\/wp-content\/uploads\/2024\/09\/DSC_0014213-scaled.jpg?w=2250&amp;ssl=1 2250w\" sizes=\"auto, (max-width: 750px) 100vw, 750px\" \/><\/li>\n<\/ul>\n\n\n\n<hr class=\"wp-block-separator has-alpha-channel-opacity\"\/>\n\n\n\n<p><strong>ZONA DE TIENDAS<\/strong><\/p>\n\n\n\n<ul class=\"wp-block-list\">\n<li>Venta de videojuegos, juguetes, juegos de mesa, merchandising, artesan\u00eda relacionada, libros, c\u00f3mics, manga y anime.<br><img data-recalc-dims=\"1\" loading=\"lazy\" decoding=\"async\" width=\"750\" height=\"500\" class=\"wp-image-1776\" style=\"width: 800px;\" src=\"https:\/\/i0.wp.com\/retroplay.info\/wp-content\/uploads\/2024\/09\/DSC_005114-1-scaled.jpg?resize=750%2C500&#038;ssl=1\" alt=\"\" srcset=\"https:\/\/i0.wp.com\/retroplay.info\/wp-content\/uploads\/2024\/09\/DSC_005114-1-scaled.jpg?w=2560&amp;ssl=1 2560w, https:\/\/i0.wp.com\/retroplay.info\/wp-content\/uploads\/2024\/09\/DSC_005114-1-scaled.jpg?resize=300%2C200&amp;ssl=1 300w, https:\/\/i0.wp.com\/retroplay.info\/wp-content\/uploads\/2024\/09\/DSC_005114-1-scaled.jpg?resize=1024%2C683&amp;ssl=1 1024w, https:\/\/i0.wp.com\/retroplay.info\/wp-content\/uploads\/2024\/09\/DSC_005114-1-scaled.jpg?resize=768%2C512&amp;ssl=1 768w, https:\/\/i0.wp.com\/retroplay.info\/wp-content\/uploads\/2024\/09\/DSC_005114-1-scaled.jpg?resize=1536%2C1024&amp;ssl=1 1536w, https:\/\/i0.wp.com\/retroplay.info\/wp-content\/uploads\/2024\/09\/DSC_005114-1-scaled.jpg?resize=2048%2C1365&amp;ssl=1 2048w, https:\/\/i0.wp.com\/retroplay.info\/wp-content\/uploads\/2024\/09\/DSC_005114-1-scaled.jpg?resize=360%2C240&amp;ssl=1 360w, https:\/\/i0.wp.com\/retroplay.info\/wp-content\/uploads\/2024\/09\/DSC_005114-1-scaled.jpg?w=2250&amp;ssl=1 2250w\" sizes=\"auto, (max-width: 750px) 100vw, 750px\" \/><\/li>\n<\/ul>\n\n\n\n<p><strong>ZONA OTAKU<\/strong><\/p>\n\n\n\n<ul class=\"wp-block-list\">\n<li>Callej\u00f3n del artista con dibujantes y artistas gr\u00e1ficos<\/li>\n\n\n\n<li>Concursos de baile, karaoke y desfile de cosplay presentado por Se\u00f1orita Legendary con premios para los ganadores.<br><\/li>\n<\/ul>\n\n\n\n<figure class=\"wp-block-image size-large\"><img data-recalc-dims=\"1\" loading=\"lazy\" decoding=\"async\" width=\"750\" height=\"422\" src=\"https:\/\/i0.wp.com\/retroplay.info\/wp-content\/uploads\/2024\/09\/20231029_192051.jpg?resize=750%2C422&#038;ssl=1\" alt=\"\" class=\"wp-image-1580\" srcset=\"https:\/\/i0.wp.com\/retroplay.info\/wp-content\/uploads\/2024\/09\/20231029_192051-scaled.jpg?resize=1024%2C576&amp;ssl=1 1024w, https:\/\/i0.wp.com\/retroplay.info\/wp-content\/uploads\/2024\/09\/20231029_192051-scaled.jpg?resize=300%2C169&amp;ssl=1 300w, https:\/\/i0.wp.com\/retroplay.info\/wp-content\/uploads\/2024\/09\/20231029_192051-scaled.jpg?resize=768%2C432&amp;ssl=1 768w, https:\/\/i0.wp.com\/retroplay.info\/wp-content\/uploads\/2024\/09\/20231029_192051-scaled.jpg?resize=1536%2C864&amp;ssl=1 1536w, https:\/\/i0.wp.com\/retroplay.info\/wp-content\/uploads\/2024\/09\/20231029_192051-scaled.jpg?resize=2048%2C1152&amp;ssl=1 2048w, https:\/\/i0.wp.com\/retroplay.info\/wp-content\/uploads\/2024\/09\/20231029_192051-scaled.jpg?w=2250&amp;ssl=1 2250w\" sizes=\"auto, (max-width: 750px) 100vw, 750px\" \/><\/figure>\n\n\n\n<p><strong>ZONA DE TORNEOS CON PREMIOS PARA LOS GANADORES<\/strong><\/p>\n\n\n\n<ul class=\"wp-block-list\">\n<li>Torneo Nintendo World Championships NES Edition con Bersgamer aprobado por Nintendo Espa\u00f1a en exclusiva para Retroplay.<br><img data-recalc-dims=\"1\" loading=\"lazy\" decoding=\"async\" width=\"750\" height=\"422\" class=\"wp-image-1835\" style=\"width: 800px;\" src=\"https:\/\/i0.wp.com\/retroplay.info\/wp-content\/uploads\/2024\/09\/16.9_ListPageHeader_NWC_NE_NOE.jpg?resize=750%2C422&#038;ssl=1\" alt=\"\" srcset=\"https:\/\/i0.wp.com\/retroplay.info\/wp-content\/uploads\/2024\/09\/16.9_ListPageHeader_NWC_NE_NOE.jpg?w=2000&amp;ssl=1 2000w, https:\/\/i0.wp.com\/retroplay.info\/wp-content\/uploads\/2024\/09\/16.9_ListPageHeader_NWC_NE_NOE.jpg?resize=300%2C169&amp;ssl=1 300w, https:\/\/i0.wp.com\/retroplay.info\/wp-content\/uploads\/2024\/09\/16.9_ListPageHeader_NWC_NE_NOE.jpg?resize=1024%2C576&amp;ssl=1 1024w, https:\/\/i0.wp.com\/retroplay.info\/wp-content\/uploads\/2024\/09\/16.9_ListPageHeader_NWC_NE_NOE.jpg?resize=768%2C432&amp;ssl=1 768w, https:\/\/i0.wp.com\/retroplay.info\/wp-content\/uploads\/2024\/09\/16.9_ListPageHeader_NWC_NE_NOE.jpg?resize=1536%2C864&amp;ssl=1 1536w\" sizes=\"auto, (max-width: 750px) 100vw, 750px\" \/><br><\/li>\n\n\n\n<li>Torneo Tekken 8 organizado por Blessur<img data-recalc-dims=\"1\" loading=\"lazy\" decoding=\"async\" width=\"750\" height=\"429\" class=\"wp-image-1836\" style=\"width: 800px;\" src=\"https:\/\/i0.wp.com\/retroplay.info\/wp-content\/uploads\/2024\/09\/capsule_616x353.jpg?resize=750%2C429&#038;ssl=1\" alt=\"\" srcset=\"https:\/\/i0.wp.com\/retroplay.info\/wp-content\/uploads\/2024\/09\/capsule_616x353.jpg?w=616&amp;ssl=1 616w, https:\/\/i0.wp.com\/retroplay.info\/wp-content\/uploads\/2024\/09\/capsule_616x353.jpg?resize=300%2C172&amp;ssl=1 300w\" sizes=\"auto, (max-width: 750px) 100vw, 750px\" \/><\/li>\n\n\n\n<li>Torneos de adultos e infantiles para los visitantes organizados por rsports.<br><img data-recalc-dims=\"1\" loading=\"lazy\" decoding=\"async\" width=\"750\" height=\"563\" class=\"wp-image-1489\" style=\"width: 800px;\" src=\"https:\/\/i0.wp.com\/retroplay.info\/wp-content\/uploads\/2024\/09\/20231029_143647-scaled.jpg?resize=750%2C563&#038;ssl=1\" alt=\"\" srcset=\"https:\/\/i0.wp.com\/retroplay.info\/wp-content\/uploads\/2024\/09\/20231029_143647-scaled.jpg?w=2560&amp;ssl=1 2560w, https:\/\/i0.wp.com\/retroplay.info\/wp-content\/uploads\/2024\/09\/20231029_143647-scaled.jpg?resize=300%2C225&amp;ssl=1 300w, https:\/\/i0.wp.com\/retroplay.info\/wp-content\/uploads\/2024\/09\/20231029_143647-scaled.jpg?resize=1024%2C768&amp;ssl=1 1024w, https:\/\/i0.wp.com\/retroplay.info\/wp-content\/uploads\/2024\/09\/20231029_143647-scaled.jpg?resize=768%2C576&amp;ssl=1 768w, https:\/\/i0.wp.com\/retroplay.info\/wp-content\/uploads\/2024\/09\/20231029_143647-scaled.jpg?resize=1536%2C1152&amp;ssl=1 1536w, https:\/\/i0.wp.com\/retroplay.info\/wp-content\/uploads\/2024\/09\/20231029_143647-scaled.jpg?resize=2048%2C1536&amp;ssl=1 2048w, https:\/\/i0.wp.com\/retroplay.info\/wp-content\/uploads\/2024\/09\/20231029_143647-scaled.jpg?w=2250&amp;ssl=1 2250w\" sizes=\"auto, (max-width: 750px) 100vw, 750px\" \/><\/li>\n<\/ul>\n\n\n\n<p><\/p>\n","protected":false},"excerpt":{"rendered":"<p>Retroplay es un evento de ocio familiar con tem\u00e1tica de videojuegos y actividades gratuitas para todas las edades organizado por la asociaci\u00f3n Retroplay, asociaci\u00f3n sin \u00e1nimo de lucro. La entrada es gratuita y la segunda edici\u00f3n de retroplay se celebrar\u00e1 los d\u00edas 5 y 6 de octubre de 2024 en [&hellip;]<\/p>\n","protected":false},"author":1,"featured_media":2086,"parent":0,"menu_order":0,"comment_status":"closed","ping_status":"closed","template":"","meta":{"_themeisle_gutenberg_block_has_review":false,"footnotes":""},"class_list":["post-1829","page","type-page","status-publish","has-post-thumbnail","hentry"],"yoast_head":"<!-- This site is optimized with the Yoast SEO plugin v26.2 - https:\/\/yoast.com\/wordpress\/plugins\/seo\/ -->\n<title>Retroplay 2024 - RETROPLAY<\/title>\n<meta name=\"description\" content=\"Retroplay es un evento de ocio familiar con tem\u00e1tica de videojuegos y actividades gratuitas para todas las edades.\" \/>\n<meta name=\"robots\" content=\"index, follow, max-snippet:-1, max-image-preview:large, max-video-preview:-1\" \/>\n<link rel=\"canonical\" href=\"https:\/\/retroplay.info\/index.php\/contenido-retroplay-2024\/\" \/>\n<meta property=\"og:locale\" content=\"es_ES\" \/>\n<meta property=\"og:type\" content=\"article\" \/>\n<meta property=\"og:title\" content=\"Retroplay 2024 - RETROPLAY\" \/>\n<meta property=\"og:description\" content=\"Retroplay es un evento de ocio familiar con tem\u00e1tica de videojuegos y actividades gratuitas para todas las edades.\" \/>\n<meta property=\"og:url\" content=\"https:\/\/retroplay.info\/index.php\/contenido-retroplay-2024\/\" \/>\n<meta property=\"og:site_name\" content=\"RETROPLAY\" \/>\n<meta property=\"article:modified_time\" content=\"2024-09-24T23:00:43+00:00\" \/>\n<meta property=\"og:image\" content=\"https:\/\/retroplay.info\/wp-content\/uploads\/2024\/09\/RETROPLAY-24.jpg\" \/>\n\t<meta property=\"og:image:width\" content=\"1080\" \/>\n\t<meta property=\"og:image:height\" content=\"1565\" \/>\n\t<meta property=\"og:image:type\" content=\"image\/jpeg\" \/>\n<meta name=\"twitter:card\" content=\"summary_large_image\" \/>\n<meta name=\"twitter:site\" content=\"@Retroplayinfo\" \/>\n<meta name=\"twitter:label1\" content=\"Tiempo de lectura\" \/>\n\t<meta name=\"twitter:data1\" content=\"4 minutos\" \/>\n<script type=\"application\/ld+json\" class=\"yoast-schema-graph\">{\"@context\":\"https:\/\/schema.org\",\"@graph\":[{\"@type\":\"WebPage\",\"@id\":\"https:\/\/retroplay.info\/index.php\/contenido-retroplay-2024\/\",\"url\":\"https:\/\/retroplay.info\/index.php\/contenido-retroplay-2024\/\",\"name\":\"Retroplay 2024 - RETROPLAY\",\"isPartOf\":{\"@id\":\"https:\/\/retroplay.info\/#website\"},\"primaryImageOfPage\":{\"@id\":\"https:\/\/retroplay.info\/index.php\/contenido-retroplay-2024\/#primaryimage\"},\"image\":{\"@id\":\"https:\/\/retroplay.info\/index.php\/contenido-retroplay-2024\/#primaryimage\"},\"thumbnailUrl\":\"https:\/\/i0.wp.com\/retroplay.info\/wp-content\/uploads\/2024\/09\/RETROPLAY-24.jpg?fit=1080%2C1565&ssl=1\",\"datePublished\":\"2024-09-11T20:39:39+00:00\",\"dateModified\":\"2024-09-24T23:00:43+00:00\",\"description\":\"Retroplay es un evento de ocio familiar con tem\u00e1tica de videojuegos y actividades gratuitas para todas las edades.\",\"breadcrumb\":{\"@id\":\"https:\/\/retroplay.info\/index.php\/contenido-retroplay-2024\/#breadcrumb\"},\"inLanguage\":\"es\",\"potentialAction\":[{\"@type\":\"ReadAction\",\"target\":[\"https:\/\/retroplay.info\/index.php\/contenido-retroplay-2024\/\"]}]},{\"@type\":\"ImageObject\",\"inLanguage\":\"es\",\"@id\":\"https:\/\/retroplay.info\/index.php\/contenido-retroplay-2024\/#primaryimage\",\"url\":\"https:\/\/i0.wp.com\/retroplay.info\/wp-content\/uploads\/2024\/09\/RETROPLAY-24.jpg?fit=1080%2C1565&ssl=1\",\"contentUrl\":\"https:\/\/i0.wp.com\/retroplay.info\/wp-content\/uploads\/2024\/09\/RETROPLAY-24.jpg?fit=1080%2C1565&ssl=1\",\"width\":1080,\"height\":1565,\"caption\":\"RETROPLAY 24\"},{\"@type\":\"BreadcrumbList\",\"@id\":\"https:\/\/retroplay.info\/index.php\/contenido-retroplay-2024\/#breadcrumb\",\"itemListElement\":[{\"@type\":\"ListItem\",\"position\":1,\"name\":\"Portada\",\"item\":\"https:\/\/retroplay.info\/\"},{\"@type\":\"ListItem\",\"position\":2,\"name\":\"Retroplay 2024\"}]},{\"@type\":\"WebSite\",\"@id\":\"https:\/\/retroplay.info\/#website\",\"url\":\"https:\/\/retroplay.info\/\",\"name\":\"RETROPLAY\",\"description\":\"EL EVENTO DE RETRO DEFINITIVO\",\"publisher\":{\"@id\":\"https:\/\/retroplay.info\/#organization\"},\"potentialAction\":[{\"@type\":\"SearchAction\",\"target\":{\"@type\":\"EntryPoint\",\"urlTemplate\":\"https:\/\/retroplay.info\/?s={search_term_string}\"},\"query-input\":{\"@type\":\"PropertyValueSpecification\",\"valueRequired\":true,\"valueName\":\"search_term_string\"}}],\"inLanguage\":\"es\"},{\"@type\":\"Organization\",\"@id\":\"https:\/\/retroplay.info\/#organization\",\"name\":\"RETROPLAY\",\"url\":\"https:\/\/retroplay.info\/\",\"logo\":{\"@type\":\"ImageObject\",\"inLanguage\":\"es\",\"@id\":\"https:\/\/retroplay.info\/#\/schema\/logo\/image\/\",\"url\":\"https:\/\/i0.wp.com\/retroplay.info\/wp-content\/uploads\/2023\/09\/logo-7-new.jpg?fit=150%2C100&ssl=1\",\"contentUrl\":\"https:\/\/i0.wp.com\/retroplay.info\/wp-content\/uploads\/2023\/09\/logo-7-new.jpg?fit=150%2C100&ssl=1\",\"width\":150,\"height\":100,\"caption\":\"RETROPLAY\"},\"image\":{\"@id\":\"https:\/\/retroplay.info\/#\/schema\/logo\/image\/\"},\"sameAs\":[\"https:\/\/x.com\/Retroplayinfo\"]}]}<\/script>\n<!-- \/ Yoast SEO plugin. -->","yoast_head_json":{"title":"Retroplay 2024 - RETROPLAY","description":"Retroplay es un evento de ocio familiar con tem\u00e1tica de videojuegos y actividades gratuitas para todas las edades.","robots":{"index":"index","follow":"follow","max-snippet":"max-snippet:-1","max-image-preview":"max-image-preview:large","max-video-preview":"max-video-preview:-1"},"canonical":"https:\/\/retroplay.info\/index.php\/contenido-retroplay-2024\/","og_locale":"es_ES","og_type":"article","og_title":"Retroplay 2024 - RETROPLAY","og_description":"Retroplay es un evento de ocio familiar con tem\u00e1tica de videojuegos y actividades gratuitas para todas las edades.","og_url":"https:\/\/retroplay.info\/index.php\/contenido-retroplay-2024\/","og_site_name":"RETROPLAY","article_modified_time":"2024-09-24T23:00:43+00:00","og_image":[{"width":1080,"height":1565,"url":"https:\/\/retroplay.info\/wp-content\/uploads\/2024\/09\/RETROPLAY-24.jpg","type":"image\/jpeg"}],"twitter_card":"summary_large_image","twitter_site":"@Retroplayinfo","twitter_misc":{"Tiempo de lectura":"4 minutos"},"schema":{"@context":"https:\/\/schema.org","@graph":[{"@type":"WebPage","@id":"https:\/\/retroplay.info\/index.php\/contenido-retroplay-2024\/","url":"https:\/\/retroplay.info\/index.php\/contenido-retroplay-2024\/","name":"Retroplay 2024 - RETROPLAY","isPartOf":{"@id":"https:\/\/retroplay.info\/#website"},"primaryImageOfPage":{"@id":"https:\/\/retroplay.info\/index.php\/contenido-retroplay-2024\/#primaryimage"},"image":{"@id":"https:\/\/retroplay.info\/index.php\/contenido-retroplay-2024\/#primaryimage"},"thumbnailUrl":"https:\/\/i0.wp.com\/retroplay.info\/wp-content\/uploads\/2024\/09\/RETROPLAY-24.jpg?fit=1080%2C1565&ssl=1","datePublished":"2024-09-11T20:39:39+00:00","dateModified":"2024-09-24T23:00:43+00:00","description":"Retroplay es un evento de ocio familiar con tem\u00e1tica de videojuegos y actividades gratuitas para todas las edades.","breadcrumb":{"@id":"https:\/\/retroplay.info\/index.php\/contenido-retroplay-2024\/#breadcrumb"},"inLanguage":"es","potentialAction":[{"@type":"ReadAction","target":["https:\/\/retroplay.info\/index.php\/contenido-retroplay-2024\/"]}]},{"@type":"ImageObject","inLanguage":"es","@id":"https:\/\/retroplay.info\/index.php\/contenido-retroplay-2024\/#primaryimage","url":"https:\/\/i0.wp.com\/retroplay.info\/wp-content\/uploads\/2024\/09\/RETROPLAY-24.jpg?fit=1080%2C1565&ssl=1","contentUrl":"https:\/\/i0.wp.com\/retroplay.info\/wp-content\/uploads\/2024\/09\/RETROPLAY-24.jpg?fit=1080%2C1565&ssl=1","width":1080,"height":1565,"caption":"RETROPLAY 24"},{"@type":"BreadcrumbList","@id":"https:\/\/retroplay.info\/index.php\/contenido-retroplay-2024\/#breadcrumb","itemListElement":[{"@type":"ListItem","position":1,"name":"Portada","item":"https:\/\/retroplay.info\/"},{"@type":"ListItem","position":2,"name":"Retroplay 2024"}]},{"@type":"WebSite","@id":"https:\/\/retroplay.info\/#website","url":"https:\/\/retroplay.info\/","name":"RETROPLAY","description":"EL EVENTO DE RETRO DEFINITIVO","publisher":{"@id":"https:\/\/retroplay.info\/#organization"},"potentialAction":[{"@type":"SearchAction","target":{"@type":"EntryPoint","urlTemplate":"https:\/\/retroplay.info\/?s={search_term_string}"},"query-input":{"@type":"PropertyValueSpecification","valueRequired":true,"valueName":"search_term_string"}}],"inLanguage":"es"},{"@type":"Organization","@id":"https:\/\/retroplay.info\/#organization","name":"RETROPLAY","url":"https:\/\/retroplay.info\/","logo":{"@type":"ImageObject","inLanguage":"es","@id":"https:\/\/retroplay.info\/#\/schema\/logo\/image\/","url":"https:\/\/i0.wp.com\/retroplay.info\/wp-content\/uploads\/2023\/09\/logo-7-new.jpg?fit=150%2C100&ssl=1","contentUrl":"https:\/\/i0.wp.com\/retroplay.info\/wp-content\/uploads\/2023\/09\/logo-7-new.jpg?fit=150%2C100&ssl=1","width":150,"height":100,"caption":"RETROPLAY"},"image":{"@id":"https:\/\/retroplay.info\/#\/schema\/logo\/image\/"},"sameAs":["https:\/\/x.com\/Retroplayinfo"]}]}},"_links":{"self":[{"href":"https:\/\/retroplay.info\/index.php\/wp-json\/wp\/v2\/pages\/1829","targetHints":{"allow":["GET"]}}],"collection":[{"href":"https:\/\/retroplay.info\/index.php\/wp-json\/wp\/v2\/pages"}],"about":[{"href":"https:\/\/retroplay.info\/index.php\/wp-json\/wp\/v2\/types\/page"}],"author":[{"embeddable":true,"href":"https:\/\/retroplay.info\/index.php\/wp-json\/wp\/v2\/users\/1"}],"replies":[{"embeddable":true,"href":"https:\/\/retroplay.info\/index.php\/wp-json\/wp\/v2\/comments?post=1829"}],"version-history":[{"count":3,"href":"https:\/\/retroplay.info\/index.php\/wp-json\/wp\/v2\/pages\/1829\/revisions"}],"predecessor-version":[{"id":1912,"href":"https:\/\/retroplay.info\/index.php\/wp-json\/wp\/v2\/pages\/1829\/revisions\/1912"}],"wp:featuredmedia":[{"embeddable":true,"href":"https:\/\/retroplay.info\/index.php\/wp-json\/wp\/v2\/media\/2086"}],"wp:attachment":[{"href":"https:\/\/retroplay.info\/index.php\/wp-json\/wp\/v2\/media?parent=1829"}],"curies":[{"name":"wp","href":"https:\/\/api.w.org\/{rel}","templated":true}]}}