{"id":2889,"date":"2026-05-06T23:31:26","date_gmt":"2026-05-06T22:31:26","guid":{"rendered":"https:\/\/retroplay.info\/?page_id=2889"},"modified":"2026-05-06T23:32:26","modified_gmt":"2026-05-06T22:32:26","slug":"ubicacion-gandia","status":"publish","type":"page","link":"https:\/\/retroplay.info\/index.php\/ubicacion-gandia\/","title":{"rendered":"UBICACI\u00d3N RETROPLAY GAND\u00cdA"},"content":{"rendered":"\n<p><strong>RETROPLAY GAND\u00cdA \u00b7 13 Y 14 DE JUNIO de 2026 \u00b7 ESPAI BALADRE \u00b7 GANDIA<\/strong><\/p>\n\n\n\n<p>Carrer de la Rioja, 10, 46730 Grau i Platja, Gandia (Valencia)<\/p>\n\n\n\n<iframe \n  src=\"https:\/\/www.google.com\/maps\/embed?pb=!1m18!1m12!1m3!1d3093.816694833215!2d-0.1654167!3d39.001227!2m3!1f0!2f0!3f0!3m2!1i1024!2i768!4f13.1!3m3!1m2!1s0xd61e8601c000001%3A0x6b4c3e8003f6f1c4!2sEspai%20Baladre!5e0!3m2!1ses!2ses!4v1715073000000!5m2!1ses!2ses\" \n  width=\"600\" \n  height=\"450\" \n  style=\"border:0;\" \n  allowfullscreen=\"\" \n  loading=\"lazy\" \n  referrerpolicy=\"no-referrer-when-downgrade\">\n<\/iframe>\n\n\n\n<h2 class=\"wp-block-heading\">\u00bfComo llegar?<\/h2>\n\n\n\n<h3 class=\"wp-block-heading\">\ud83d\ude97 <strong>Desde Valencia (en coche):<\/strong><\/h3>\n\n\n\n<ol start=\"1\" class=\"wp-block-list\">\n<li>Toma la <strong>V-31<\/strong> y luego la autopista <strong>AP-7<\/strong> en direcci\u00f3n Alicante.<\/li>\n\n\n\n<li>Toma la <strong>salida 60<\/strong> (Gandia\/Xeraco\/Xeresa).<\/li>\n\n\n\n<li>Sigue las indicaciones hacia <strong>Platja de Gandia<\/strong>. El Espai Baladre se encuentra en la zona norte de la playa, cerca de la zona hotelera y de servicios.<\/li>\n<\/ol>\n\n\n\n<p><strong>En transporte p\u00fablico:<\/strong><\/p>\n\n\n\n<ul class=\"wp-block-list\">\n<li><strong>Tren (Cercan\u00edas):<\/strong> Toma la l\u00ednea <strong>C-1<\/strong> desde Valencia Nord hasta la estaci\u00f3n de Gandia. Desde all\u00ed, puedes coger el autob\u00fas local (<strong>\u00abLa Marina\u00bb<\/strong>) que conecta el centro de la ciudad con la zona de la playa (parada cercana al Hotel Palace o zona Rioja).<\/li>\n\n\n\n<li><strong>Autob\u00fas:<\/strong> Existen l\u00edneas interurbanas que llegan directamente a la Playa de Gandia durante la temporada alta.<\/li>\n<\/ul>\n\n\n\n<div class=\"wp-block-columns is-layout-flex wp-container-core-columns-is-layout-28f84493 wp-block-columns-is-layout-flex\">\n<div class=\"wp-block-column is-layout-flow wp-block-column-is-layout-flow\"><\/div>\n\n\n\n<div class=\"wp-block-column is-layout-flow wp-block-column-is-layout-flow\"><\/div>\n<\/div>\n\n\n\n<div class=\"wp-block-uagb-separator uagb-block-09bd02f5\"><div class=\"wp-block-uagb-separator__inner\" style=\"--my-background-image:\"><\/div><\/div>\n","protected":false},"excerpt":{"rendered":"<p>RETROPLAY GAND\u00cdA \u00b7 13 Y 14 DE JUNIO de 2026 \u00b7 ESPAI BALADRE \u00b7 GANDIA Carrer de la Rioja, 10, 46730 Grau i Platja, Gandia (Valencia) \u00bfComo llegar? \ud83d\ude97 Desde Valencia (en coche): En transporte p\u00fablico:<\/p>\n","protected":false},"author":4,"featured_media":0,"parent":0,"menu_order":0,"comment_status":"closed","ping_status":"closed","template":"","meta":{"_themeisle_gutenberg_block_has_review":false,"footnotes":""},"class_list":["post-2889","page","type-page","status-publish","hentry"],"yoast_head":"<!-- This site is optimized with the Yoast SEO plugin v26.2 - https:\/\/yoast.com\/wordpress\/plugins\/seo\/ -->\n<title>Ubicaci\u00f3n RETROPLAY<\/title>\n<meta name=\"description\" content=\"Centro de ocio y negocios Las Am\u00e9ricasAv. al Vedat, 180, 46900 Torrent, Valencia. L\u00edneas 2 y 7 parada Torrent Avinguda\" \/>\n<meta name=\"robots\" content=\"index, follow, max-snippet:-1, max-image-preview:large, max-video-preview:-1\" \/>\n<link rel=\"canonical\" href=\"https:\/\/retroplay.info\/index.php\/ubicacion-gandia\/\" \/>\n<meta property=\"og:locale\" content=\"es_ES\" \/>\n<meta property=\"og:type\" content=\"article\" \/>\n<meta property=\"og:title\" content=\"Ubicaci\u00f3n RETROPLAY\" \/>\n<meta property=\"og:description\" content=\"Centro de ocio y negocios Las Am\u00e9ricasAv. al Vedat, 180, 46900 Torrent, Valencia. L\u00edneas 2 y 7 parada Torrent Avinguda\" \/>\n<meta property=\"og:url\" content=\"https:\/\/retroplay.info\/index.php\/ubicacion-gandia\/\" \/>\n<meta property=\"og:site_name\" content=\"RETROPLAY\" \/>\n<meta property=\"article:modified_time\" content=\"2026-05-06T22:32:26+00:00\" \/>\n<meta name=\"twitter:card\" content=\"summary_large_image\" \/>\n<meta name=\"twitter:site\" content=\"@Retroplayinfo\" \/>\n<meta name=\"twitter:label1\" content=\"Tiempo de lectura\" \/>\n\t<meta name=\"twitter:data1\" content=\"1 minuto\" \/>\n<script type=\"application\/ld+json\" class=\"yoast-schema-graph\">{\"@context\":\"https:\/\/schema.org\",\"@graph\":[{\"@type\":\"WebPage\",\"@id\":\"https:\/\/retroplay.info\/index.php\/ubicacion-gandia\/\",\"url\":\"https:\/\/retroplay.info\/index.php\/ubicacion-gandia\/\",\"name\":\"Ubicaci\u00f3n RETROPLAY\",\"isPartOf\":{\"@id\":\"https:\/\/retroplay.info\/#website\"},\"datePublished\":\"2026-05-06T22:31:26+00:00\",\"dateModified\":\"2026-05-06T22:32:26+00:00\",\"description\":\"Centro de ocio y negocios Las Am\u00e9ricasAv. al Vedat, 180, 46900 Torrent, Valencia. L\u00edneas 2 y 7 parada Torrent Avinguda\",\"breadcrumb\":{\"@id\":\"https:\/\/retroplay.info\/index.php\/ubicacion-gandia\/#breadcrumb\"},\"inLanguage\":\"es\",\"potentialAction\":[{\"@type\":\"ReadAction\",\"target\":[\"https:\/\/retroplay.info\/index.php\/ubicacion-gandia\/\"]}]},{\"@type\":\"BreadcrumbList\",\"@id\":\"https:\/\/retroplay.info\/index.php\/ubicacion-gandia\/#breadcrumb\",\"itemListElement\":[{\"@type\":\"ListItem\",\"position\":1,\"name\":\"Portada\",\"item\":\"https:\/\/retroplay.info\/\"},{\"@type\":\"ListItem\",\"position\":2,\"name\":\"UBICACI\u00d3N RETROPLAY GAND\u00cdA\"}]},{\"@type\":\"WebSite\",\"@id\":\"https:\/\/retroplay.info\/#website\",\"url\":\"https:\/\/retroplay.info\/\",\"name\":\"RETROPLAY\",\"description\":\"EL EVENTO DE RETRO DEFINITIVO\",\"publisher\":{\"@id\":\"https:\/\/retroplay.info\/#organization\"},\"potentialAction\":[{\"@type\":\"SearchAction\",\"target\":{\"@type\":\"EntryPoint\",\"urlTemplate\":\"https:\/\/retroplay.info\/?s={search_term_string}\"},\"query-input\":{\"@type\":\"PropertyValueSpecification\",\"valueRequired\":true,\"valueName\":\"search_term_string\"}}],\"inLanguage\":\"es\"},{\"@type\":\"Organization\",\"@id\":\"https:\/\/retroplay.info\/#organization\",\"name\":\"RETROPLAY\",\"url\":\"https:\/\/retroplay.info\/\",\"logo\":{\"@type\":\"ImageObject\",\"inLanguage\":\"es\",\"@id\":\"https:\/\/retroplay.info\/#\/schema\/logo\/image\/\",\"url\":\"https:\/\/i0.wp.com\/retroplay.info\/wp-content\/uploads\/2023\/09\/logo-7-new.jpg?fit=150%2C100&ssl=1\",\"contentUrl\":\"https:\/\/i0.wp.com\/retroplay.info\/wp-content\/uploads\/2023\/09\/logo-7-new.jpg?fit=150%2C100&ssl=1\",\"width\":150,\"height\":100,\"caption\":\"RETROPLAY\"},\"image\":{\"@id\":\"https:\/\/retroplay.info\/#\/schema\/logo\/image\/\"},\"sameAs\":[\"https:\/\/x.com\/Retroplayinfo\"]}]}<\/script>\n<!-- \/ Yoast SEO plugin. -->","yoast_head_json":{"title":"Ubicaci\u00f3n RETROPLAY","description":"Centro de ocio y negocios Las Am\u00e9ricasAv. al Vedat, 180, 46900 Torrent, Valencia. L\u00edneas 2 y 7 parada Torrent Avinguda","robots":{"index":"index","follow":"follow","max-snippet":"max-snippet:-1","max-image-preview":"max-image-preview:large","max-video-preview":"max-video-preview:-1"},"canonical":"https:\/\/retroplay.info\/index.php\/ubicacion-gandia\/","og_locale":"es_ES","og_type":"article","og_title":"Ubicaci\u00f3n RETROPLAY","og_description":"Centro de ocio y negocios Las Am\u00e9ricasAv. al Vedat, 180, 46900 Torrent, Valencia. L\u00edneas 2 y 7 parada Torrent Avinguda","og_url":"https:\/\/retroplay.info\/index.php\/ubicacion-gandia\/","og_site_name":"RETROPLAY","article_modified_time":"2026-05-06T22:32:26+00:00","twitter_card":"summary_large_image","twitter_site":"@Retroplayinfo","twitter_misc":{"Tiempo de lectura":"1 minuto"},"schema":{"@context":"https:\/\/schema.org","@graph":[{"@type":"WebPage","@id":"https:\/\/retroplay.info\/index.php\/ubicacion-gandia\/","url":"https:\/\/retroplay.info\/index.php\/ubicacion-gandia\/","name":"Ubicaci\u00f3n RETROPLAY","isPartOf":{"@id":"https:\/\/retroplay.info\/#website"},"datePublished":"2026-05-06T22:31:26+00:00","dateModified":"2026-05-06T22:32:26+00:00","description":"Centro de ocio y negocios Las Am\u00e9ricasAv. al Vedat, 180, 46900 Torrent, Valencia. L\u00edneas 2 y 7 parada Torrent Avinguda","breadcrumb":{"@id":"https:\/\/retroplay.info\/index.php\/ubicacion-gandia\/#breadcrumb"},"inLanguage":"es","potentialAction":[{"@type":"ReadAction","target":["https:\/\/retroplay.info\/index.php\/ubicacion-gandia\/"]}]},{"@type":"BreadcrumbList","@id":"https:\/\/retroplay.info\/index.php\/ubicacion-gandia\/#breadcrumb","itemListElement":[{"@type":"ListItem","position":1,"name":"Portada","item":"https:\/\/retroplay.info\/"},{"@type":"ListItem","position":2,"name":"UBICACI\u00d3N RETROPLAY GAND\u00cdA"}]},{"@type":"WebSite","@id":"https:\/\/retroplay.info\/#website","url":"https:\/\/retroplay.info\/","name":"RETROPLAY","description":"EL EVENTO DE RETRO DEFINITIVO","publisher":{"@id":"https:\/\/retroplay.info\/#organization"},"potentialAction":[{"@type":"SearchAction","target":{"@type":"EntryPoint","urlTemplate":"https:\/\/retroplay.info\/?s={search_term_string}"},"query-input":{"@type":"PropertyValueSpecification","valueRequired":true,"valueName":"search_term_string"}}],"inLanguage":"es"},{"@type":"Organization","@id":"https:\/\/retroplay.info\/#organization","name":"RETROPLAY","url":"https:\/\/retroplay.info\/","logo":{"@type":"ImageObject","inLanguage":"es","@id":"https:\/\/retroplay.info\/#\/schema\/logo\/image\/","url":"https:\/\/i0.wp.com\/retroplay.info\/wp-content\/uploads\/2023\/09\/logo-7-new.jpg?fit=150%2C100&ssl=1","contentUrl":"https:\/\/i0.wp.com\/retroplay.info\/wp-content\/uploads\/2023\/09\/logo-7-new.jpg?fit=150%2C100&ssl=1","width":150,"height":100,"caption":"RETROPLAY"},"image":{"@id":"https:\/\/retroplay.info\/#\/schema\/logo\/image\/"},"sameAs":["https:\/\/x.com\/Retroplayinfo"]}]}},"_links":{"self":[{"href":"https:\/\/retroplay.info\/index.php\/wp-json\/wp\/v2\/pages\/2889","targetHints":{"allow":["GET"]}}],"collection":[{"href":"https:\/\/retroplay.info\/index.php\/wp-json\/wp\/v2\/pages"}],"about":[{"href":"https:\/\/retroplay.info\/index.php\/wp-json\/wp\/v2\/types\/page"}],"author":[{"embeddable":true,"href":"https:\/\/retroplay.info\/index.php\/wp-json\/wp\/v2\/users\/4"}],"replies":[{"embeddable":true,"href":"https:\/\/retroplay.info\/index.php\/wp-json\/wp\/v2\/comments?post=2889"}],"version-history":[{"count":3,"href":"https:\/\/retroplay.info\/index.php\/wp-json\/wp\/v2\/pages\/2889\/revisions"}],"predecessor-version":[{"id":2893,"href":"https:\/\/retroplay.info\/index.php\/wp-json\/wp\/v2\/pages\/2889\/revisions\/2893"}],"wp:attachment":[{"href":"https:\/\/retroplay.info\/index.php\/wp-json\/wp\/v2\/media?parent=2889"}],"curies":[{"name":"wp","href":"https:\/\/api.w.org\/{rel}","templated":true}]}}